{"id":118,"date":"2025-02-04T16:31:40","date_gmt":"2025-02-04T15:31:40","guid":{"rendered":"https:\/\/lipalipnik.cz\/?page_id=118"},"modified":"2025-02-05T14:09:12","modified_gmt":"2025-02-05T13:09:12","slug":"vyhlidkova-vez","status":"publish","type":"page","link":"https:\/\/lipalipnik.cz\/index.php\/vyhlidkova-vez\/","title":{"rendered":"VYHL\u00cdDKOV\u00c1 V\u011a\u017d"},"content":{"rendered":"<p><a href=\"https:\/\/lipalipnik.cz\"><img decoding=\"async\" src=\"\/wp-content\/uploads\/2025\/02\/leaf-bg.jpg\" alt=\"\"><\/a><\/p>\n<h1>VYHL\u00cdDKOV\u00c1 V\u011a\u017d<\/h1>\n<div>\n<p>V\u00fd\u0161ka 51,83 m <br \/>\u0160\u00ed\u0159ka 7,21 m <br \/>Ochoz ve v\u00fd\u0161ce 32,29 m <br \/>Odklon v\u011b\u017ee je 43,2 cm<\/p>\n<p><span>V\u011b\u017e je otev\u0159ena d\u00edky spolupr\u00e1ci <\/span><span>s \u0158K farnosti sv. Jakuba, <\/span><span>v sou\u010dasn\u00e9 dob\u011b je to zejm\u00e9na p\u0159i v\u00fdznamn\u00fdch kulturn\u00edch akc\u00edch po\u0159\u00e1dan\u00fdch ve m\u011bst\u011b. Za grantov\u00e9 podpory m\u011bsta Lipn\u00edk nad Be\u010dvou byly um\u00edst\u011bny na ochozu v\u011b\u017ee panoramata s popisem dominant. Ochoz v\u011b\u017ee je celoro\u010dn\u011b osv\u011btlen.<\/span><\/p>\n<h3>Historie<\/h3>\n<p>Kostel svat\u00e9ho Jakuba poch\u00e1z\u00ed z obdob\u00ed gotiky, ze 13. \u2013 14. sto- let\u00ed. V\u011b\u017e byla do roku 1596 ni\u017e\u0161\u00ed a m\u00edsto jehlanu m\u011bla z\u0159ejm\u011b jednu b\u00e1\u0148. V roce 1596 byla zv\u00fd\u0161ena a ozdobena ochozem a m\u011bla t\u0159i b\u00e1n\u011b nad sebou, pokryt\u00e9 m\u011bd\u00ed. Ve v\u011b\u017ei byl byt hl\u00e1sn\u00e9ho. Do v\u011b\u017ee byly do roku 1604 postupn\u011b po\u0159\u00edzeny t\u0159i zvony.<\/p>\n<p>Roku 1464 byl po\u0159\u00edzen prvn\u00ed zvon ke cti svat\u00e9ho Jakuba, patrona chr\u00e1mu, v roce 1578 zvon Jan, roku 1604 velk\u00fd zvon Michal. Jeho rozkyv byl tak velk\u00fd, \u017ee nar\u00e1\u017eel do zdi v\u011b\u017ee, proto byla roku 1609 postavena zvonice a zvony do n\u00ed p\u0159eneseny.<\/p>\n<p>Roku 1613 v ned\u011bli &#8222;provodn\u00ed&#8220; vypukl v z\u00e1mku po\u017e\u00e1r, kter\u00fd se roz\u0161\u00ed\u0159il do ulic, zachv\u00e1til kostel, cibule a v\u011b\u017e spadly na m\u011bstsk\u00e9 hradby. Novou kosteln\u00ed v\u011b\u017e vystav\u011bl tesa\u0159sk\u00fd mistr z Olomouce a b\u00e1n\u011b na ni d\u00e1na 10. srpna.<\/p>\n<p>Roku 1633 znovu ohe\u0148 po\u0161kodil i kostel: kdy\u017e 30. srpna roku 1633 p\u0159i pe\u010den\u00ed chleba u pernik\u00e1\u0159e Pulky, kter\u00fd b\u00fdval vedle cahousek, vypukl ohe\u0148, str\u00e1vil po\u017e\u00e1r mnoho dom\u016f, \u0161kolu, faru i vazbu kostela, dostal kostel p\u0159i oprav\u011b \u0161indelovou st\u0159echu a v\u011b\u017e &#8222;jen o dvou cibul\u00edch d\u00e1na a byla \u0161indelem kryta, sloupce pak a \u0159\u00edmsy b\u00edl\u00fdm plechem obity. V\u011b\u017e d\u011blal tesa\u0159 ze Slavkova, jm\u00e9nem Tom\u00e1\u0161, b\u00e1n\u011b na ni d\u00e1na 15. \u0159\u00edjna 1635.&#8220;<\/p>\n<p>Roku 1645 \u0161v\u00e9dsk\u00fd gener\u00e1l Wittenberg dobyl m\u011bsto a t\u00e9ho\u017e roku &#8222;generalauditor K\u0151nigsmark\u016fv Mikul\u00e1\u0161 Demel cht\u011bl v\u011b\u017e kostela rozbo\u0159it. Donutil kl\u00e1\u0161tern\u00edho fratra Marka Antonia, kter\u00fd se vyznal v zednictv\u00ed, aby mu ud\u011blal do v\u011b\u017ee n\u011bkolik otvor\u016f. Kdy\u017e se to po dvou hodin\u00e1ch nepoda\u0159ilo, od zbo\u0159en\u00ed v\u011b\u017ee bylo upu\u0161t\u011bno.&#8220;<\/p>\n<p>Roku 1658 byl do v\u011b\u017ee po\u0159\u00edzen zvon Vav\u0159inec. Roku 1661 dostala v\u011b\u017e novou b\u00e1\u0148. 14. z\u00e1\u0159\u00ed 1788 farn\u00ed kostel op\u011bt vyho\u0159el. Cibulovit\u00e1 v\u011b\u017e kostela spadla do farn\u00edho dvora. P\u0159i oprav\u011b kostela v roce 1789 byla na v\u011b\u017e d\u00e1na st\u0159echa jehlancovit\u00e1, kter\u00e1 je tam a\u017e do sou\u010dasnosti.<\/p>\n<\/div>\n<p><img decoding=\"async\" src=\"\/wp-content\/uploads\/2025\/02\/vez.png\" alt=\"\"><\/p>\n<div>* Zam\u011b\u0159en\u00ed v\u011b\u017ee provedla a poskytla St\u0159edn\u00ed pr\u016fmyslov\u00e1 \u0161kola stavebn\u00ed v Lipn\u00edku nad Be\u010dvou<\/div>\n<div>\n<p>web: <a href=\"https:\/\/shumik.net\">ShumikDesign<\/a> photo: \u00a9 <a href=\"https:\/\/www.facebook.com\/irena.fridrichova.1\">Irena Igi Fridrichov\u00e1<\/a><\/p>\n<\/div>\n<p><!--more--><br \/>\n<!-- {\"type\":\"layout\",\"children\":[{\"name\":\"Hero\",\"type\":\"section\",\"props\":{\"image_position\":\"center-center\",\"padding_remove_top\":true,\"style\":\"default\",\"title_breakpoint\":\"xl\",\"title_position\":\"top-left\",\"title_rotation\":\"left\",\"vertical_align\":\"\",\"width\":\"\"},\"children\":[{\"type\":\"row\",\"children\":[{\"type\":\"column\",\"props\":{\"image_position\":\"center-center\",\"position_sticky_breakpoint\":\"m\",\"width_medium\":\"1-1\"},\"children\":[{\"type\":\"image\",\"props\":{\"image\":\"wp-content\\\/uploads\\\/2025\\\/02\\\/leaf-bg.jpg\",\"image_loading\":true,\"image_svg_color\":\"emphasis\",\"image_width\":\"2560\",\"link\":\"https:\\\/\\\/lipalipnik.cz\",\"margin\":\"\"}}]}]}]},{\"type\":\"section\",\"props\":{\"image_position\":\"center-center\",\"style\":\"default\",\"title_breakpoint\":\"xl\",\"title_position\":\"top-left\",\"title_rotation\":\"left\",\"vertical_align\":\"middle\",\"width\":\"default\"},\"children\":[{\"type\":\"row\",\"props\":{\"layout\":\"2-3,1-3\"},\"children\":[{\"type\":\"column\",\"props\":{\"image_position\":\"center-center\",\"position_sticky_breakpoint\":\"m\",\"width_medium\":\"2-3\"},\"children\":[{\"type\":\"headline\",\"props\":{\"content\":\"VYHL\\u00cdDKOV\\u00c1 V\\u011a\\u017d\",\"title_element\":\"h1\"}},{\"type\":\"text\",\"props\":{\"column_breakpoint\":\"m\",\"content\":\"\n\n<p>V\\u00fd\\u0161ka 51,83 m <br \\\/>\\u0160\\u00ed\\u0159ka 7,21 m <br \\\/>Ochoz ve v\\u00fd\\u0161ce 32,29 m <br \\\/>Odklon v\\u011b\\u017ee je 43,2 cm<\\\/p>\\n\n\n<p><span>V\\u011b\\u017e je otev\\u0159ena d\\u00edky spolupr\\u00e1ci <\\\/span><span>s \\u0158K farnosti sv. Jakuba, <\\\/span><span>v sou\\u010dasn\\u00e9 dob\\u011b je to zejm\\u00e9na p\\u0159i v\\u00fdznamn\\u00fdch kulturn\\u00edch akc\\u00edch po\\u0159\\u00e1dan\\u00fdch ve m\\u011bst\\u011b. Za grantov\\u00e9 podpory m\\u011bsta Lipn\\u00edk nad Be\\u010dvou byly um\\u00edst\\u011bny na ochozu v\\u011b\\u017ee panoramata s popisem dominant. Ochoz v\\u011b\\u017ee je celoro\\u010dn\\u011b osv\\u011btlen.<\\\/span><\\\/p>\\n\n\n<h3>Historie<\\\/h3>\\n\n\n<p>Kostel svat\\u00e9ho Jakuba poch\\u00e1z\\u00ed z obdob\\u00ed gotiky, ze 13. \\u2013 14. sto- let\\u00ed. V\\u011b\\u017e byla do roku 1596 ni\\u017e\\u0161\\u00ed a m\\u00edsto jehlanu m\\u011bla z\\u0159ejm\\u011b jednu b\\u00e1\\u0148. V roce 1596 byla zv\\u00fd\\u0161ena a ozdobena ochozem a m\\u011bla t\\u0159i b\\u00e1n\\u011b nad sebou, pokryt\\u00e9 m\\u011bd\\u00ed. Ve v\\u011b\\u017ei byl byt hl\\u00e1sn\\u00e9ho. Do v\\u011b\\u017ee byly do roku 1604 postupn\\u011b po\\u0159\\u00edzeny t\\u0159i zvony.<\\\/p>\\n\n\n<p>Roku 1464 byl po\\u0159\\u00edzen prvn\\u00ed zvon ke cti svat\\u00e9ho Jakuba, patrona chr\\u00e1mu, v roce 1578 zvon Jan, roku 1604 velk\\u00fd zvon Michal. Jeho rozkyv byl tak velk\\u00fd, \\u017ee nar\\u00e1\\u017eel do zdi v\\u011b\\u017ee, proto byla roku 1609 postavena zvonice a zvony do n\\u00ed p\\u0159eneseny.<\\\/p>\\n\n\n<p>Roku 1613 v ned\\u011bli \\\"provodn\\u00ed\\\" vypukl v z\\u00e1mku po\\u017e\\u00e1r, kter\\u00fd se roz\\u0161\\u00ed\\u0159il do ulic, zachv\\u00e1til kostel, cibule a v\\u011b\\u017e spadly na m\\u011bstsk\\u00e9 hradby. Novou kosteln\\u00ed v\\u011b\\u017e vystav\\u011bl tesa\\u0159sk\\u00fd mistr z Olomouce a b\\u00e1n\\u011b na ni d\\u00e1na 10. srpna.<\\\/p>\\n\n\n<p>Roku 1633 znovu ohe\\u0148 po\\u0161kodil i kostel: kdy\\u017e 30. srpna roku 1633 p\\u0159i pe\\u010den\\u00ed chleba u pernik\\u00e1\\u0159e Pulky, kter\\u00fd b\\u00fdval vedle cahousek, vypukl ohe\\u0148, str\\u00e1vil po\\u017e\\u00e1r mnoho dom\\u016f, \\u0161kolu, faru i vazbu kostela, dostal kostel p\\u0159i oprav\\u011b \\u0161indelovou st\\u0159echu a v\\u011b\\u017e \\\"jen o dvou cibul\\u00edch d\\u00e1na a byla \\u0161indelem kryta, sloupce pak a \\u0159\\u00edmsy b\\u00edl\\u00fdm plechem obity. V\\u011b\\u017e d\\u011blal tesa\\u0159 ze Slavkova, jm\\u00e9nem Tom\\u00e1\\u0161, b\\u00e1n\\u011b na ni d\\u00e1na 15. \\u0159\\u00edjna 1635.\\\"<\\\/p>\\n\n\n<p>Roku 1645 \\u0161v\\u00e9dsk\\u00fd gener\\u00e1l Wittenberg dobyl m\\u011bsto a t\\u00e9ho\\u017e roku \\\"generalauditor K\\u0151nigsmark\\u016fv Mikul\\u00e1\\u0161 Demel cht\\u011bl v\\u011b\\u017e kostela rozbo\\u0159it. Donutil kl\\u00e1\\u0161tern\\u00edho fratra Marka Antonia, kter\\u00fd se vyznal v zednictv\\u00ed, aby mu ud\\u011blal do v\\u011b\\u017ee n\\u011bkolik otvor\\u016f. Kdy\\u017e se to po dvou hodin\\u00e1ch nepoda\\u0159ilo, od zbo\\u0159en\\u00ed v\\u011b\\u017ee bylo upu\\u0161t\\u011bno.\\\"<\\\/p>\\n\n\n<p>Roku 1658 byl do v\\u011b\\u017ee po\\u0159\\u00edzen zvon Vav\\u0159inec. Roku 1661 dostala v\\u011b\\u017e novou b\\u00e1\\u0148. 14. z\\u00e1\\u0159\\u00ed 1788 farn\\u00ed kostel op\\u011bt vyho\\u0159el. Cibulovit\\u00e1 v\\u011b\\u017e kostela spadla do farn\\u00edho dvora. P\\u0159i oprav\\u011b kostela v roce 1789 byla na v\\u011b\\u017e d\\u00e1na st\\u0159echa jehlancovit\\u00e1, kter\\u00e1 je tam a\\u017e do sou\\u010dasnosti.<\\\/p>\",\"margin\":\"default\"}}]},{\"type\":\"column\",\"props\":{\"image_position\":\"center-center\",\"position_sticky_breakpoint\":\"m\",\"width_medium\":\"1-3\"},\"children\":[{\"type\":\"image\",\"props\":{\"image\":\"wp-content\\\/uploads\\\/2025\\\/02\\\/vez.png\",\"image_svg_color\":\"emphasis\",\"margin\":\"default\"}},{\"type\":\"text\",\"props\":{\"column_breakpoint\":\"m\",\"content\":\"* Zam\\u011b\\u0159en\\u00ed v\\u011b\\u017ee provedla a poskytla St\\u0159edn\\u00ed pr\\u016fmyslov\\u00e1 \\u0161kola stavebn\\u00ed v Lipn\\u00edku nad Be\\u010dvou\",\"margin\":\"default\"}}]}]}]},{\"type\":\"section\",\"props\":{\"image_position\":\"center-center\",\"style\":\"default\",\"title_breakpoint\":\"xl\",\"title_position\":\"top-left\",\"title_rotation\":\"left\",\"vertical_align\":\"middle\",\"width\":\"default\"},\"children\":[{\"type\":\"row\",\"children\":[{\"type\":\"column\",\"props\":{\"image_position\":\"center-center\",\"position_sticky_breakpoint\":\"m\"},\"children\":[{\"type\":\"text\",\"props\":{\"column_breakpoint\":\"m\",\"content\":\"\n\n<p>web: <a href=\\\"https:\\\/\\\/shumik.net\\\">ShumikDesign<\\\/a> photo: \\u00a9 <a href=\\\"https:\\\/\\\/www.facebook.com\\\/irena.fridrichova.1\\\">Irena Igi Fridrichov\\u00e1<\\\/a><\\\/p>\",\"margin\":\"default\"}}]}]}]}],\"version\":\"4.5.4\"} --><\/p>\n","protected":false},"excerpt":{"rendered":"<p>VYHL\u00cdDKOV\u00c1 V\u011a\u017d V\u00fd\u0161ka 51,83 m \u0160\u00ed\u0159ka 7,21 m Ochoz ve v\u00fd\u0161ce 32,29 m Odklon v\u011b\u017ee je 43,2 cm V\u011b\u017e je otev\u0159ena d\u00edky spolupr\u00e1ci s \u0158K farnosti sv. Jakuba, v sou\u010dasn\u00e9 dob\u011b je to zejm\u00e9na p\u0159i v\u00fdznamn\u00fdch kulturn\u00edch akc\u00edch po\u0159\u00e1dan\u00fdch ve m\u011bst\u011b. Za grantov\u00e9 podpory m\u011bsta Lipn\u00edk nad Be\u010dvou byly um\u00edst\u011bny na ochozu v\u011b\u017ee panoramata s [&hellip;]<\/p>\n","protected":false},"author":1,"featured_media":0,"parent":0,"menu_order":0,"comment_status":"closed","ping_status":"closed","template":"","meta":{"footnotes":""},"class_list":["post-118","page","type-page","status-publish","hentry"],"_links":{"self":[{"href":"https:\/\/lipalipnik.cz\/index.php\/wp-json\/wp\/v2\/pages\/118","targetHints":{"allow":["GET"]}}],"collection":[{"href":"https:\/\/lipalipnik.cz\/index.php\/wp-json\/wp\/v2\/pages"}],"about":[{"href":"https:\/\/lipalipnik.cz\/index.php\/wp-json\/wp\/v2\/types\/page"}],"author":[{"embeddable":true,"href":"https:\/\/lipalipnik.cz\/index.php\/wp-json\/wp\/v2\/users\/1"}],"replies":[{"embeddable":true,"href":"https:\/\/lipalipnik.cz\/index.php\/wp-json\/wp\/v2\/comments?post=118"}],"version-history":[{"count":10,"href":"https:\/\/lipalipnik.cz\/index.php\/wp-json\/wp\/v2\/pages\/118\/revisions"}],"predecessor-version":[{"id":218,"href":"https:\/\/lipalipnik.cz\/index.php\/wp-json\/wp\/v2\/pages\/118\/revisions\/218"}],"wp:attachment":[{"href":"https:\/\/lipalipnik.cz\/index.php\/wp-json\/wp\/v2\/media?parent=118"}],"curies":[{"name":"wp","href":"https:\/\/api.w.org\/{rel}","templated":true}]}}